+ m + 9*m - 4 + 2*m**2 + 0. Let u be n(6). Let k(v) = -35*v. Let s be k(-4). Calculate the highest common divisor of s and u.
20
Suppose 8*c = 10*c - 140. Calculate the greatest common divisor of 14 and c.
14
Suppose 0 = -2*g + 4*a - 0*a - 8, -2*g = -5*a + 13. Calculate the highest common factor of 18 and g.
6
Let f = 123 - 25. What is the highest common factor of 14 and f?
14
Let y = 21 + -12. Let z = y + -5. Suppose -3*j - o = -7*j + 43, j - 4*o - 22 = 0. What is the greatest common factor of j and z?
2
Let j = 1 + 26. Let r be (100/6)/(18/j). Calculate the greatest common factor of 275 and r.
25
Let v(n) = -11*n. Let f be v(-4). Calculate the highest common divisor of f and 66.
22
Let u(g) = -22*g - 1. Let w be u(1). Suppose -4*n + 2*n = -88. Let v = n + w. What is the greatest common factor of 21 and v?
21
Suppose 0*i = -b + i - 3, 0 = b + i - 1. Let q be -1*(-5 - (b - 0)). Suppose q*v = -v + 55. What is the greatest common divisor of v and 33?
11
Let y = 11 - 0. What is the greatest common divisor of 44 and y?
11
Let j(x) = 2*x**2 - 3*x + 9. Let w be j(6). Calculate the greatest common factor of w and 7.
7
Let w = 293 - 173. What is the greatest common divisor of w and 24?
24
Let v(n) = -n**3 - 5*n**2 + 4*n + 4. Let u be v(-5). Let w be u/6*126/(-8). Calculate the greatest common divisor of 105 and w.
21
Let v(i) = -5*i - 1. Let w be v(-5). Suppose 6 + w = 2*z. Suppose 0 = -2*b - z + 51. Calculate the greatest common factor of 45 and b.
9
Let i(k) = -3*k - 2. Let p be i(-4). Let j be 2/((-1)/50*(2 + -4)). What is the greatest common factor of p and j?
10
Suppose 0 = -3*m + 89 + 109. Let o be 6*(-3)/2 - -2. Let s = -1 - o. What is the highest common factor of s and m?
6
Let r = 185 + -103. What is the greatest common factor of r and 205?
41
Let t(y) = -5*y + 4 + y**2 - 2 + 0*y. Let g be t(5). Suppose -3*r - 2*w = r - 304, r - 81 = g*w. What is the highest common divisor of r and 7?
7
Suppose 0 = -4*f + 33 + 23. What is the greatest common factor of f and 42?
14
Let l = 9 - 4. Let v = l + 17. Let w = v - 10. Calculate the highest common factor of 24 and w.
12
Suppose 3*o + 2*o = -3*n - 14, 4*n - 20 = 3*o. What is the greatest common divisor of n and 2?
2
Let z(a) = -a + 10. Let r be z(-2). What is the greatest common factor of r and 30?
6
Let v(q) = 4*q - 63. Let y be v(19). Calculate the highest common factor of y and 65.
13
Suppose 15 = 2*p - 3*n, 36 = 2*p - 0*p + 4*n. Suppose -d + z + 22 = 0, -2*d - d = -4*z - 70. Calculate the greatest common divisor of p and d.
6
Suppose f + 7 = g, 3*g - 46 = -g - 2*f. What is the highest common divisor of g and 40?
10
Suppose 0 = -0*t - 3*t - 12, -q - 4*t + 74 = 0. What is the highest common divisor of 10 and q?
10
Let b be ((-288)/14)/(66/(-308)). Calculate the highest common divisor of b and 24.
24
Suppose -2*t - 2*t + 16 = 0. Suppose -q + 128 = 5*h + 3*q, -4*h - 5*q + 97 = 0. Calculate the highest common factor of t and h.
4
Let v = -2 + 23. Let y(z) = z**3 + 3*z**2 + 5*z + 6. Let d be y(5). What is the highest common divisor of v and d?
21
Let c be 4*3/24*-10. Let l(o) = -o**3 - 3*o**2 + 4. Let f be l(c). Let n = -63 - -99. What is the highest common factor of f and n?
18
Suppose 268 = 3*w - k, 5*w = 4*w - k + 88. Let l = -63 + w. Suppose -4*t - 3*g + 144 = 0, 0*t + 175 = 5*t + 5*g. What is the highest common factor of t and l?
13
Suppose 0 = -0*z - 4*z + 440. Let y(r) be the third derivative of r**4/12 - 5*r**3/3 - 3*r**2. Let v be y(10). What is the highest common factor of v and z?
10
Let d = -11 + 12. Let o be d/3 + (-220)/(-15). Calculate the highest common factor of o and 15.
15
Let a(q) = 6 - 4 - 4*q + 3*q + 4. Let i be a(8). Let c be 1 - -1*i/(-2). What is the highest common divisor of 2 and c?
2
Suppose 4*h - 2*h - 2*r = 22, -3*h + 19 = 4*r. Calculate the greatest common factor of h and 18.
9
Suppose 0 = -h - 0*h + 22. Let t(l) = 6*l - 1. Let g be t(2). What is the highest common divisor of h and g?
11
Let d = 76 - 68. Calculate the highest common divisor of 40 and d.
8
Let q = -90 - -205. Suppose -5*f + 95 = -q. Calculate the greatest common factor of f and 14.
14
Let l(y) = -9*y - 2. Let o be l(-2). What is the highest common divisor of 4 and o?
4
Let p(s) be the first derivative of -s**3/3 + s**2/2 + 15*s - 2. Let u be p(0). Calculate the highest common factor of u and 120.
15
Let o be ((-3)/3 - -10)/(-1). Let u be (12/(-10))/(o/30). Calculate the greatest common divisor of u and 32.
4
Let j = 12 + 3. What is the highest common factor of 30 and j?
15
Suppose -9 = 3*o, -2*d - 17 = -3*d + 3*o. Let h(u) = -u**3 - 2*u**2 + 7*u + 16. Let i be h(-5). Calculate the highest common factor of i and d.
8
Let b = -7 + 11. Suppose -4*d - 1 = -d - 5*u, b*d - 22 = -5*u. Let h be 9 + -3*(-1)/d. Calculate the greatest common factor of 20 and h.
10
Suppose 0*n - 2*n + 86 = -2*k, 5*k - 181 = -4*n. Suppose -4*s + n = -2*s. Calculate the highest common divisor of s and 44.
22
Let v be (-2)/(-4) - 6/4. Let x be -10*((-3)/(-6))/v. Suppose -3*r + x = 2. Calculate the greatest common divisor of r and 1.
1
Suppose 2*l - 1 - 1 = 0. What is the greatest common divisor of l and 3?
1
Let s(g) = g**2 - 8*g + 4. Let o be s(8). Let d be 6/(-2) - -3*o. Calculate the highest common factor of 27 and d.
9
Let s(b) = -10*b - 74. Let v be s(-8). Suppose 4*l - 10 = 2. What is the highest common factor of v and l?
3
Suppose -5*t = -t - 312. What is the greatest common factor of t and 52?
26
Suppose 0 = -4*w + 5*q + 68, -20 = 5*q - 0*q. Calculate the greatest common divisor of w and 30.
6
Let n(u) = -u**2 + 10*u + 9. Let q be n(8). Let v(g) = -g**2 + 13*g + 19. Let k be v(14). Calculate the highest common factor of k and q.
5
Let o(p) = p**3 - 5*p**2 - 7*p + 8. Let c be o(6). Let f be 6 + c/4*-4. Calculate the highest common divisor of 44 and f.
4
Let s = 178 - 63. Let l be 12/15*345/6. Calculate the highest common factor of s and l.
23
Suppose 0 = -4*a - 20, -3*o - 5*a + 4*a + 34 = 0. Let p = -11 + o. What is the highest common factor of p and 6?
2
Let b = -1 - -3. Let w be (-5)/(-2)*b/1. Let d(t) = 5*t**2 - 6*t + 1. Let v be d(w). Calculate the highest common factor of 12 and v.
12
Let l = -128 + 303. Suppose 3*k + 2*n - l = 0, -3*k - n = -0*k - 170. Calculate the highest common factor of 22 and k.
11
Suppose q + 4*q - 60 = 0. Calculate the greatest common divisor of 108 and q.
12
Let b(u) = u**2 + 18*u - 32. Let f be b(-20). What is the greatest common factor of f and 20?
4
Suppose o + 3*y = 2*y + 15, 2*o - 5*y - 9 = 0. Let w(j) = j**2 + 48. Let b = 0 - 0. Let u be w(b). What is the highest common factor of o and u?
12
Suppose -3*y + 12 = 3, 2*y = 5*f - 14. What is the greatest common divisor of 4 and f?
4
Let u(m) = -m**3 - 6*m**2 - 6*m - 2. Let q be u(-5). Suppose -q*p = p - 4. Let k be 5*p*56/10. Calculate the highest common divisor of 14 and k.
14
Let d(f) = -13*f**3 - f**2 + 2*f + 1. Let w be d(-1). Suppose 0 = -5*b + v + 500, b + v = -v + 89. What is the greatest common factor of w and b?
11
Let y(q) = q**2 + 12*q + 9. Let m be y(-10). Let p(t) = t**2 + 5*t - 11. Let s be p(m). Let u = -31 + s. What is the highest common divisor of u and 8?
8
Let d(y) = -y**3 + 4*y**2 + 6*y - 1. Let z be d(5). Suppose 2*h + 42 = z*h. What is the greatest common factor of 3 and h?
3
Suppose -3*u = -9 + 3. Suppose 5 + 13 = -u*c. Let n = c - -19. What is the greatest common divisor of n and 20?
10
Let n be -3 + 1*(-2 + 5). Suppose -6*t + t + 15 = 0. Let j = t + n. What is the highest common divisor of j and 1?
1
Let b = -8 - 12. Let r = b + 24. Calculate the greatest common divisor of r and 4.
4
Suppose 0*v + 5*v = -40. Let f be (-4930)/v + 1/(-4). Suppose 0 = -4*x - 0*x + f. What is the greatest common divisor of 14 and x?
14
Let j = -18 + 10. Let c = j + 26. Calculate the highest common factor of c and 2.
2
Suppose 4*a - 5*y - 108 = 0, -106 = -3*a - 2*y - 2. What is the highest common divisor of a and 8?
8
Let y(i) = 52*i**3 - i**2 + i. Let k be y(1). Suppose 9 + 43 = 4*z. What is the highest common divisor of z and k?
13
Let t be 525/30 + (-1)/2. Let h be 17/(14/(-16) - -1). What is the highest common divisor of t and h?
17
Let q(i) = -2*i + 2. Let v(k) = 3*k - 3. Let u(m) = 2*q(m) + 3*v(m). Let x be u(8). Calculate the greatest 